ors of m.
2, 37
Let s(h) be the first derivative of -18*h**2 - 36*h - 62. List the prime factors of s(-10).
2, 3
Suppose -x = -6*x - 2770. Let i = 1175 + x. List the prime factors of i.
3, 23
Suppose -252712 - 823812 + 246246 = -131*f. What are the prime factors of f?
2, 3169
Let j = 10 - 0. Let l(d) = 7*d**3 + d - 3 - 2*d**3 - 3*d**2 + j + 0*d. What are the prime factors of l(3)?
2, 59
Suppose 18*k + 280058 = -29*k + 81*k. List the prime factors of k.
8237
Let r(v) = v**2 + 20*v - 66. Let o(s) = -s**2 - 41*s + 132. Let w(x) = 3*o(x) + 5*r(x). What are the prime factors of w(18)?
2, 3, 5
Let h = -368 + 1264. Suppose -h = 15*a - 6866. What are the prime factors of a?
2, 199
Let r = 65 - 60. Let a be -246 + r/25*0. Let o = 403 + a. List the prime factors of o.
157
Let d(c) = 7*c**2 - 40*c - 9. Let n be d(6). Suppose 0 = 4*m - 8, -4 - 16 = 3*p - m. List the prime factors of n - (57/4)/(p/16).
41
Let o = 98 - 77. Suppose o*i - 17*i = 540. Suppose i + 40 = l. List the prime factors of l.
5, 7
Suppose 5*m + 3*c = 924 + 541, 1465 = 5*m - c. Let l(y) = -197*y + 8. Let k be l(1). Let t = k + m. List the prime factors of t.
2, 13
Suppose 2070*u + 24147 = 2073*u. List the prime factors of u.
3, 2683
Let w(r) = 2*r**2 + 76*r - 26. What are the prime factors of w(68)?
2, 5, 1439
Suppose 0 = 24*a - 19*a + g - 9776, -2*a - 3*g = -3900. List the prime factors of a.
2, 3, 163
Suppose 5*v - 5 = -2*x + 12, -3*x = 5*v - 13. Suppose 0 = -4*f + 5*a + 1064, 0 = -v*f + 2*a + 608 + 722. List the prime factors of f.
2, 7, 19
Let p = -15823 - -58000. What are the prime factors of p?
3, 17, 827
Suppose -3*x = -2*v + 267 + 189, -v + 2*x = -229. List the prime factors of v.
3, 5
Let i be (222/48 - 5) + 587/8. Suppose -4*r + 161 = 3*m - i, -4*r + 2*m = -224. List the prime factors of r.
3, 19
Let a = -9196 + 16326. List the prime factors of a.
2, 5, 23, 31
Let q(u) = 5*u + 47. Let j be q(-9). Suppose 3*d - 31 = -w, j*d - 4*d + 9 = 3*w. Suppose -2124 = -11*f - d. What are the prime factors of f?
2, 3
Let p(y) = 2*y**3 + y. Let l be p(1). Suppose -2*t - 3*z - 2*z + 592 = 0, 2*z - 877 = -l*t. What are the prime factors of t?
3, 97
Let k(z) = -z**2 - 243*z + 5824. What are the prime factors of k(0)?
2, 7, 13
Suppose -13 = -3*p + 2. Suppose 0 = 3*j + 2*v - 1341, -4*v + 7 + p = 0. What are the prime factors of j?
5, 89
Let z be (-8)/14*(-21)/6 + -128177. List the prime factors of z/(-150) - 6/4.
853
Let l(o) be the second derivative of 10/3*o**3 - 7/2*o**2 - 19*o + 0. What are the prime factors of l(2)?
3, 11
Let c = -399 + 404. Suppose -2705 = -5*x - 4*y, c*y + 2 = -23. List the prime factors of x.
5, 109
Let a = -20 - -34. Suppose -1560 = -a*c + 8*c. Suppose 0 = 4*s + 16, 0*s + c = 4*g - s. What are the prime factors of g?
2
Suppose 2*r + 4368 = 3*p, 5*p + 3*r - 6*r - 7279 = 0. Suppose -p - 387 = -7*u. Suppose 52 = 9*x - u. List the prime factors of x.
5, 7
Let t be (-506)/2 - (2 + 0 + -1). Let j = t - -686. List the prime factors of j.
2, 3
Suppose -2*x - 8*i + 4*i = -34, -8 = -4*x + 4*i. Suppose 0 = x*f - 2*f + 10. What are the prime factors of 5 + -4 - f - -108?
3, 37
Suppose -14*d + 23852 = -25137 + 1613. What are the prime factors of d?
2, 3, 47
Suppose -9*c - 141638 = -5*m - 8*c, 56645 = 2*m + 3*c. What are the prime factors of m?
13, 2179
Let g be (-3 - -20)/(-5 + (-405)/(-80)). Let i = -20 + g. What are the prime factors of i?
2, 3, 7
Let v = 54871 + -30984. List the prime factors of v.
23887
Suppose 6*x = -0*x + 48. Suppose 0 = -q + x*q. Suppose -8*n = -q*n - 696. List the prime factors of n.
3, 29
Suppose -187097 = -3*g - 4*j + 12400, -2*g - 3*j = -133000. List the prime factors of g.
66491
Suppose -l = -4*c + 22, -8*c = -5*c - l - 16. Suppose 2*i + 2188 = c*i. List the prime factors of i.
547
Let q(p) = 9766*p + 46. List the prime factors of q(1).
2, 11, 223
Suppose 3*t - 8 - 16 = 0, 2*a - 4*t - 55876 = 0. What are the prime factors of a?
2, 3, 1553
Suppose -29 + 37 = 4*v. Suppose 0 = a + 4*a + x - 3, x = -v. What are the prime factors of (-13*(-3)/(-6))/(a/(-12))?
2, 3, 13
Let t be 870/35*(-14)/(-3). Let y = t + -60. What are the prime factors of y?
2, 7
Let r be ((-1564)/(-16))/((-5)/20). Let h = -224 - r. What are the prime factors of h?
167
Suppose 30*i = 28*i. Suppose o + 5 - 2 = i. What are the prime factors of ((-309)/3)/((o - -2)*1)?
103
Let j(f) = -114*f + 176. Let v be j(27). Let n = 4093 + v. What are the prime factors of n?
3, 397
Suppose -217*p + 2634547 = -1643174. List the prime factors of p.
3, 6571
List the prime factors of -6 - (-5)/2*(-202618)/(-65).
13, 599
Let h(y) = 52*y**2 - 9*y + 2. Let s(w) = -10*w + 36. Let x be s(4). What are the prime factors of h(x)?
2, 3, 5, 29
Suppose 2*k - 9*p - 8431 = -8*p, -k = -5*p - 4202. What are the prime factors of k?
4217
Suppose 3*q + 5*b + 12798 - 132220 = 0, -159221 = -4*q - 5*b. List the prime factors of q.
39799
Let l(y) = -y**3 + 2*y**2 + 38*y + 3. Suppose 5*c = -2*x - 12, 5 = -5*x + 2*c - 25. List the prime factors of l(x).
3, 7
Let j = -64147 + 90588. What are the prime factors of j?
137, 193
Let s be (2613 - -1) + 10*(-3)/(-15). Suppose 0 = 14*h - s - 716. What are the prime factors of h?
2, 7, 17
Suppose -24*l - 2*j + 29960 = -22*l, -l + 5*j = -14980. List the prime factors of l.
2, 5, 7, 107
Let z(x) = 22*x**3 - 18*x**2 + 77*x + 1. What are the prime factors of z(6)?
4567
Let t = -13873 + 25249. What are the prime factors of t?
2, 3, 79
Suppose 4*r = -4*k + 115000, 0 = 4*r + 183*k - 182*k - 114997. What are the prime factors of r?
3, 7, 37
Let s(q) = q + 42 + 0*q**2 + 6*q - 5*q**3 + 18 - 5*q**2 + 3*q**2. List the prime factors of s(-4).
2, 5
Let t be (-2 - 0)/((-1022)/(-342) + -3). Suppose -4*v + 361 = -l - 6, 2*v - t = 3*l. List the prime factors of v.
3, 31
Let f(v) = v**3 + 39*v**2 + 136*v - 34. What are the prime factors of f(-26)?
2, 2609
Let x be (0 + 18 + 1/(-1))/1. Let k(z) = 5*z - 34 + 5*z - 5*z. What are the prime factors of k(x)?
3, 17
Suppose -12*h + 44159 = -151453. What are the prime factors of h?
16301
Let t be (-16)/(-20) - 80/(-25). Suppose -t*u - 442 = m, -u + 0*u - 2*m - 114 = 0. Let f = u + 266. List the prime factors of f.
2, 3, 13
Let z = -12462 - -19164. What are the prime factors of z?
2, 3, 1117
What are the prime factors of -1 - -90265 - (-393 + 396)?
3, 3343
Let l(p) = -p**2 + p + 142. Let g(a) = 14 + 7 + 34*a - 31*a. Let o be g(-7). What are the prime factors of l(o)?
2, 71
Let p = -288 + 395. Let b = p - -88. List the prime factors of b.
3, 5, 13
Suppose -1414432 + 5969362 = 149*x. What are the prime factors of x?
2, 3, 5, 1019
Let f be (0 - 15)*-1*(-270)/(-15). Suppose 0*l + l = 1, 4*l = -n + f. List the prime factors of n.
2, 7, 19
Suppose -6*l = -16*l - 990. Let q = l + 595. List the prime factors of q.
2, 31
Let x be 1*(-5286)/(-9)*(-36)/24. Let c = 1734 + x. List the prime factors of c.
853
Let h be 1280/72 - (-2)/9. Suppose -20*q = -h*q - 56. List the prime factors of q*((-10)/4)/((-1)/2).
2, 5, 7
Let o be ((-25)/10)/((-15)/9)*2. Suppose 5*u - o*v - 2*v - 2795 = 0, -2783 = -5*u - v. What are the prime factors of u?
557
Let t(s) = 3*s**2 + 11*s - 22. Let x = -67 + 73. Let i be t(x). Suppose 7*y - i = 3*y. List the prime factors of y.
2, 19
Let z(p) = -p - 18. Let m be z(-22). Suppose 0 = 4*d - 2*w - 1612, -d + 96 = m*w - 325. Suppose -d = -4*f - 33. List the prime factors of f.
3, 31
Let t(q) = -q**3 + 15*q**2 + 2*q + 8. Let v(x) = -x**2 + 13. Let s be v(0). List the prime factors of t(s).
2, 3, 31
Let c = 1889 - 1196. Let r = -1012 + c. What are the prime factors of 13/52 + r/(-4)?
2, 5
Let n(x) = -x - 5. Let q be n(-7). What are the prime factors of (36 - 49)*(-26)/q?
13
Let q = 1131 - 221. Suppose 14*t - q = -0*t. List the prime factors of t.
5, 13
List the prime factors of (9/(-24) - (-99)/(-120))/(15/(-273475)).
2, 10939
Suppose 24*p = 10*p + 98. Suppose -29 - 6 = -p*v. Suppose -5*i + 299 = -0*h - 2*h, 5*i - v*h = 305. List the prime factors of i.
59
Let r(q) = 9*q + 42. Let i be r(8). Suppose 826 - i = 2*m. What are the prime factors of m?
2, 89
Let t = 25 - 21. Suppose 0 = -2*o + t - 10. What are the prime factors of (o/(-4))/(1/36)?
3
Suppose 72870 = -156*g + 161*g + 5*l, -3*g + 4*l = -43722. List the prime factors of g.
2, 3, 7, 347
Let c(h) = 2*h**2 + 